64
Calculate the remainder when 333599 is divided by 38.
35
Calculate the remainder when 10337 is divided by 203.
187
What is the remainder when 162124 is divided by 626?
616
What is the remainder when 2567036 is divided by 35?
31
What is the remainder when 22125 is divided by 1105?
25
What is the remainder when 1667914 is divided by 225?
214
Calculate the remainder when 35440 is divided by 290.
60
What is the remainder when 7633980 is divided by 509?
507
What is the remainder when 327042 is divided by 766?
726
What is the remainder when 19275 is divided by 52?
35
Calculate the remainder when 2504 is divided by 94.
60
Calculate the remainder when 59227 is divided by 50.
27
Calculate the remainder when 2028 is divided by 953.
122
Calculate the remainder when 17831 is divided by 245.
191
Calculate the remainder when 4907 is divided by 4873.
34
What is the remainder when 490072 is divided by 644?
632
What is the remainder when 396900 is divided by 132300?
0
What is the remainder when 588938 is divided by 32?
10
Calculate the remainder when 2893 is divided by 1295.
303
Calculate the remainder when 31316 is divided by 31310.
6
Calculate the remainder when 5012 is divided by 425.
337
What is the remainder when 68418 is divided by 311?
309
Calculate the remainder when 2013 is divided by 323.
75
Calculate the remainder when 15105 is divided by 54.
39
What is the remainder when 1191 is divided by 243?
219
What is the remainder when 30502 is divided by 565?
557
Calculate the remainder when 10457 is divided by 3484.
5
Calculate the remainder when 23943 is divided by 24.
15
What is the remainder when 12779 is divided by 1582?
123
Calculate the remainder when 904 is divided by 244.
172
What is the remainder when 161105 is divided by 31?
29
Calculate the remainder when 14217 is divided by 2843.
2
Calculate the remainder when 36155 is divided by 131.
130
What is the remainder when 18007 is divided by 27?
25
What is the remainder when 55880 is divided by 28?
20
What is the remainder when 2968 is divided by 700?
168
Calculate the remainder when 443692 is divided by 93.
82
Calculate the remainder when 4067 is divided by 119.
21
What is the remainder when 4178 is divided by 22?
20
What is the remainder when 18037 is divided by 11?
8
Calculate the remainder when 267 is divided by 156.
111
Calculate the remainder when 732069 is divided by 72.
45
What is the remainder when 4425 is divided by 8?
1
Calculate the remainder when 152803 is divided by 764.
3
Calculate the remainder when 27668 is divided by 47.
32
Calculate the remainder when 18589 is divided by 352.
285
What is the remainder when 4545 is divided by 39?
21
What is the remainder when 10404 is divided by 3467?
3
Calculate the remainder when 713 is divided by 403.
310
What is the remainder when 52543 is divided by 520?
23
What is the remainder when 10997 is divided by 845?
12
Calculate the remainder when 5000 is divided by 1563.
311
What is the remainder when 12294 is divided by 1680?
534
What is the remainder when 454 is divided by 17?
12
What is the remainder when 350 is divided by 331?
19
Calculate the remainder when 117690 is divided by 110.
100
Calculate the remainder when 88052 is divided by 4634.
6
Calculate the remainder when 11530 is divided by 11525.
5
What is the remainder when 11716 is divided by 110?
56
What is the remainder when 427 is divided by 394?
33
What is the remainder when 112793 is divided by 145?
128
What is the remainder when 867 is divided by 251?
114
Calculate the remainder when 2065 is divided by 456.
241
Calculate the remainder when 20113 is divided by 272.
257
Calculate the remainder when 242957 is divided by 3.
2
What is the remainder when 58825 is divided by 67?
66
What is the remainder when 644 is divided by 364?
280
Calculate the remainder when 89516 is divided by 149.
116
Calculate the remainder when 170562 is divided by 927.
921
What is the remainder when 150749 is divided by 647?
645
What is the remainder when 7466 is divided by 34?
20
What is the remainder when 31333 is divided by 920?
53
What is the remainder when 16972 is divided by 82?
80
What is the remainder when 1082581 is divided by 1033?
1030
Calculate the remainder when 673400 is divided by 17.
13
What is the remainder when 13953 is divided by 40?
33
What is the remainder when 55294 is divided by 27604?
86
Calculate the remainder when 6383 is divided by 76.
75
What is the remainder when 277765 is divided by 86?
71
What is the remainder when 82399 is divided by 1070?
9
What is the remainder when 26416 is divided by 6277?
1308
What is the remainder when 1253 is divided by 245?
28
What is the remainder when 566 is divided by 276?
14
What is the remainder when 50561 is divided by 172?
165
What is the remainder when 14215 is divided by 276?
139
What is the remainder when 20364 is divided by 243?
195
Calculate the remainder when 568022 is divided by 157.
153
Calculate the remainder when 10183 is divided by 152.
151
What is the remainder when 3335 is divided by 7?
3
What is the remainder when 237977 is divided by 382?
373
What is the remainder when 3276194 is divided by 13?
12
Calculate the remainder when 7090 is divided by 7066.
24
Calculate the remainder when 6783 is divided by 10.
3
What is the remainder when 116288 is divided by 219?
218
Calculate the remainder when 2644440 is divided by 27.
6
What is the remainder when 9754 is divided by 481?
134
Calculate the remainder when 5667 is divided by 2832.
3
What is the remainder when 35877 is divided by 184?
181
What is the remainder when 12341 is divided by 1367?
38
Calculate the remainder when 6991 is divided by 1595.
611
What is the remainder when 15799 is divided by 33?
25
Calculate the remainder when 12229 is divided by 52.
9
Calculate the remainder when 89643 is divided by 10.
3
Calculate the remainder when 419781 is divided by 34.
17
Calculate the remainder when 548830 is divided by 26.
22
What is the remainder when 53372 is divided by 125?
122
What is the remainder when 158569 is divided by 122?
91
Calculate the remainder when 143889 is divided by 571.
568
What is the remainder when 2965 is divided by 1437?
91
Calculate the remainder when 212332 is divided by 16.
12
What is the remainder when 2975 is divided by 159?
113
Calculate the remainder when 5569 is divided by 67.
8
What is the remainder when 548 is divided by 455?
93
Calculate the remainder when 2237 is divided by 706.
119
What is the remainder when 117781 is divided by 2066?
19
What is the remainder when 18836 is divided by 20?
16
Calculate the remainder when 588432 is divided by 235.
227
Calculate the remainder when 109835 is divided by 204.
83
What is the remainder when 38113 is divided by 52?
49
What is the remainder when 58548 is divided by 2331?
273
What is the remainder when 57795 is divided by 338?
335
Calculate the remainder when 35794 is divided by 78.
70
What is the remainder when 227262 is divided by 64?
62
What is the remainder when 31604 is divided by 15777?
50
What is the remainder when 4583 is divided by 1526?
5
Calculate the remainder when 3021 is divided by 628.
509
What is the remainder when 24473 is divided by 89?
87
Calculate the remainder when 4691 is divided by 103.
56
Calculate the remainder when 13617 is divided by 1357.
47
Calculate the remainder when 2824 is divided by 234.
16
What is the remainder when 1748 is divided by 433?
16
Calculate the remainder when 319578 is divided by 580.
578
Calculate the remainder when 9614 is divided by 53.
21
Calculate the remainder when 529812 is divided by 19.
16
Calculate the remainder when 4133 is divided by 1067.
932
Calculate the remainder when 400311 is divided by 80062.
1
Calculate the remainder when 16243 is divided by 24.
19
What is the remainder when 14250 is divided by 20?
10
Calculate the remainder when 1991876 is divided by 7.
5
Calculate the remainder when 35613 is divided by 285.
273
What is the remainder when 25877 is divided by 990?
137
Calculate the remainder when 9094 is divided by 128.
6
Calculate the remainder when 2281 is divided by 164.
149
Calculate the remainder when 14451 is divided by 1556.
447
What is the remainder when 20870 is divided by 27?
26
Calculate the remainder when 141557 is divided by 10886.
39
Calcul